lculate the remainder when f is divided by 11.
10
Suppose 2*g - 32 = -2*g + 2*t, -4*t + 27 = 5*g. Calculate the remainder when 12 is divided by g.
5
Suppose -285 = 3*z - 6*z - 4*f, 0 = z + 3*f - 95. Suppose -5*s - 15 + z = 0. What is the remainder when 47 is divided by s?
15
Suppose 3*f - t - 3 - 1 = 0, -f - 5*t - 4 = 0. Let y be -2 - (-6 - 0) - f. Calculate the remainder when 28 is divided by (2/6)/(y/90).
8
Suppose -3*j - 6 = -j, 150 = 3*t + 5*j. Calculate the remainder when t is divided by 19.
17
Let y(z) = -6*z. Suppose 3*s - 48 - 84 = 0. Suppose 5*r - 41 - s = 0. Calculate the remainder when r is divided by y(-1).
5
Suppose -z - 2*z + 6 = 0. Suppose 5*c - 2*f - 25 = 2, -z*f = 2. What is the remainder when c is divided by 2?
1
Suppose -j - y + 101 = 0, -2*j = -3*j - 3*y + 111. What is the remainder when j is divided by 33?
30
Let m = -41 - -53. Calculate the remainder when 43 is divided by m.
7
Suppose 6*z - 6 = 18. What is the remainder when 10 is divided by z?
2
Calculate the remainder when 354/9 - 10/(-15) is divided by 7.
5
Let f(o) = o**2 - 7*o + 8. Suppose 0 = -g + 6 - 3. Let h = 0 + g. What is the remainder when f(7) is divided by h?
2
Suppose 2*m - 5*i + 3*i - 60 = 0, 3*i - 110 = -5*m. What is the remainder when m is divided by 9?
7
Let h(x) = x**3 - 3*x**2 - 4*x + 5. Let w be h(5). Let l be 1 - (-2 - 0 - 3). Suppose l*k - w = k. Calculate the remainder when k is divided by 4.
3
Let r = 158 + -90. Suppose 0 = -5*q + 82 + r. What is the remainder when q is divided by 16?
14
Suppose -85 = -s + 5*m, 6*s - s - 373 = -m. Calculate the remainder when s is divided by 13.
10
What is the remainder when 42 is divided by ((2/2)/(1/(-18)))/(-2)?
6
Suppose 0 = -4*s - t + 238, 6*s = 4*s + t + 116. Calculate the remainder when s is divided by 17.
8
Suppose r - 8 = m, -r + 2*m + 20 = 2*r. Let p(j) = -j**3 + 4*j**2 + 5. Suppose 1 = a - 3*v + 7*v, 6 = -2*v. What is the remainder when a is divided by p(r)?
3
Let p(a) = -a**3 - 9*a**2 + 20*a - 3. Calculate the remainder when 73 is divided by p(-11).
16
Let y(j) be the first derivative of -11*j**2/2 - 5*j - 4. What is the remainder when y(-2) is divided by 6?
5
Let o be 3 - ((-6 - 1) + 3). Suppose 2*z = o + 29. Calculate the remainder when 70 is divided by z.
16
Let w(v) = -v + 2. Suppose -g = -3*g - 4, 5*g = 3*h - 19. Calculate the remainder when w(-2) is divided by h.
1
Let k = -2 - -2. Suppose k*s = -5*s + 10. What is the remainder when (-2)/((-2)/(-4)*-1) is divided by s?
0
What is the remainder when 1 is divided by 2 - (-3)/(12/(-4))?
0
Let v = -7 - -6. Calculate the remainder when 5 is divided by (v - 2)/(1 + -2).
2
Let y = 9 - -1. Suppose -6*i + i + 90 = 0. Calculate the remainder when i is divided by y.
8
Suppose -105 = -n + 2*y, -3*y - 58 = n - 173. What is the remainder when n is divided by 28?
25
Let y(c) = 5*c**3 - c**2 - 4*c. What is the remainder when 108 is divided by y(2)?
24
Let g(q) = -q + 1. Let l(h) = -h**3 + 5*h**2 - 2*h + 1. Let b(j) = -3*g(j) + l(j). Let v be b(4). What is the remainder when 2 is divided by (12/v)/((-2)/(-3))?
0
Let i = -1 + 0. Let p = i - -3. Suppose 8 = 2*o + p. What is the remainder when 5 is divided by o?
2
Suppose -4*s + 28 = z, z - 1 = 4*s + 3. Suppose 38 - 14 = 4*o. Let q(v) = 2*v - 3. Calculate the remainder when z is divided by q(o).
7
What is the remainder when 41 is divided by (2 - -19) + -2 + 3?
19
Let i(b) = b**3 + 7*b**2 + 4*b - 1. Suppose 6 = 4*q - 5*q. What is the remainder when ((-1)/2)/((-185)/(-190) + -1) is divided by i(q)?
8
Suppose -11 = -2*h + h. Let r(i) = i + 1. Let v be r(-5). Let s(q) = -2*q - 5. Calculate the remainder when h is divided by s(v).
2
Suppose 0 = -r - 0 + 4. Let n(b) = -2 + 3 + b**2 + 1 - 4. Calculate the remainder when n(-3) is divided by r.
3
Let f = 50 - 16. Suppose 3*v - 17 = -2*q - 3, -3*v = -2*q - f. Calculate the remainder when 29 is divided by v.
5
Let h(v) = -4*v - 9. What is the remainder when 19 is divided by h(-4)?
5
Let m = 6 - 9. Calculate the remainder when 1 + 0/m - -13 is divided by 4.
2
Let c = 2 - -1. Suppose 0 = -c*l - 25 + 70. Calculate the remainder when l is divided by 8.
7
Let f(x) = -92*x**3 - 2*x + 1. Let y be f(1). Let w = -30 + 46. What is the remainder when ((-4)/(-6))/(-2)*y is divided by w?
15
Let l be (-6)/9*(-78)/4. Suppose b - l + 2 = 0. Calculate the remainder when 21 is divided by b.
10
Let n = -30 - -56. Suppose -h = 2*h - 33. Let q = n - h. What is the remainder when 28 is divided by q?
13
Let h = -75 - -91. Let y(o) = 8*o**2 + 5*o + 4. Calculate the remainder when y(-3) is divided by h.
13
Suppose -6*j + 20 = -j. Suppose 4*z - 4 = -2*a, -27 = -j*z + 5*a - 9. What is the remainder when 3 is divided by z?
1
Let b(i) = -4*i**2 + i + 15. Calculate the remainder when 40 is divided by b(0).
10
Let o = -16 - -26. Let j = -4 + o. What is the remainder when j is divided by (-22)/(-33) + 10/3?
2
Let d be ((-2)/(-5))/((-2)/10). Let c(v) = v**2 - 6*v + 25. Calculate the remainder when -2 - d - 0 - -77 is divided by c(5).
17
Suppose 3*q = -3*f + 234, 0 = 3*f + q - 79 - 159. Let s = f - 55. What is the remainder when s is divided by 9?
7
Let c(v) = v**2 + 6*v + 1. Suppose -23 = -2*m + 21. What is the remainder when m is divided by c(-7)?
6
Let a = -19 + 22. Suppose q = -y + 66, -2*q + 4 = -a*q. What is the remainder when y is divided by 18?
16
Let n(o) be the second derivative of -o**5/20 - o**4/2 + o**3 - o**2/2 + 3*o. What is the remainder when n(-7) is divided by 2?
0
Let o(i) = i**3 - i + 15. Let r(q) = -q**3 - 5*q**2 + 10*q - 3. What is the remainder when r(-7) is divided by o(0)?
10
Let z = -12 + 12. Suppose -x + 3 = -z*x. What is the remainder when (-2 - -7) + (0 - 0) is divided by x?
2
Suppose 3*s - 3*c - 6 = c, 0 = -3*s + 5*c + 6. What is the remainder when 2 is divided by s?
0
Calculate the remainder when 234 is divided by (-188)/6*10/((-120)/18).
46
Let o = 189 + -157. Calculate the remainder when o is divided by 15.
2
Let s = 8 + -4. Suppose -s*x + 45 - 12 = -l, 6 = 2*l. Suppose 0 = -4*m - 5*k + 19, -3*m - 3*k + 16 = -k. What is the remainder when x is divided by m?
3
Let d = 76 + -68. Let n = -33 + 70. What is the remainder when n is divided by d?
5
Suppose -19 = -2*i + 123. Calculate the remainder when i is divided by 18.
17
What is the remainder when 34 is divided by 16 + 0 + (-4 - -9)?
13
Suppose 5*q = -2*k + 80, 5*q + 0*k = 3*k + 80. Let c = 29 - q. Suppose 2*z + 4*i = -z - 8, 5*z - 15 = -i. What is the remainder when c is divided by z?
1
Let k = 6 + 11. Suppose z + 0*z - 33 = 0. Calculate the remainder when z is divided by k.
16
Suppose 32*a = 34*a - 38. Suppose -21 = 6*h - 9*h. What is the remainder when a is divided by h?
5
Let d(v) = -v**3 + 4*v**2 + 5*v + 1. Let h be d(4). Suppose 5*m - 5*x = 35, m - 5*x + h = 3*m. Calculate the remainder when 15 is divided by m.
7
Let c(q) = -q**3 - q**2 + 2*q. Let h be c(-2). Suppose h*m = -3*m. What is the remainder when -2 - m - (-25)/1 is divided by 12?
11
Suppose 0 = s + 5*k - 9 + 2, -122 = -5*s + 4*k. Calculate the remainder when s is divided by 12.
10
What is the remainder when 107 is divided by (-2)/((260/(-132) - -2)*-3)?
19
Suppose -336 = -3*i - i. Suppose r + 96 = 5*z - 0*r, 0 = -5*z + 4*r + i. Calculate the remainder when z is divided by 11.
9
Let q be 8/20*5 - 7. Suppose -c = -5*c + 8. Calculate the remainder when q/(-2)*4/2 is divided by c.
1
Let y be (-1 - -1) + 3/1. Suppose 0 = a - y*m - 21, -5*m - 65 = -8*a + 3*a. Calculate the remainder when a is divided by 4.
1
Let y(r) = r + 7. Let d be y(-7). Let l be (5 + d)/((-2)/(-10)). Suppose 0 = 5*p - 40 - l. Calculate the remainder when 25 is divided by p.
12
Let j be (-5)/(-1)*12/(-10). Calculate the remainder when 4/j - (-190)/6 is divided by 8*(6 + -1 + -4 + 1).
15
Let r(t) = 13*t - 13. Suppose u = -j + 3, -2*j - 2*u + 10 = j. Let s = 31 - 21. Calculate the remainder when r(j) is divided by s.
9
Let d = -49 - -55. Let p(q) = -q**3 + 7*q**2 - 4*q + 3. Calculate the remainder when p(6) is divided by d.
3
Suppose 3*k + 3*f = 7 - 1, -5*f - 10 = 0. Calculate the remainder when k/(-22) - 35/(-11) is divided by 1.
0
Suppose g = 5*g - 12. Let s(d) = d**2 + 2*d - 18. What is the remainder when s(-6) is divided by g?
0
Suppose -82 = 5*t + 5*v + 28, 3*v + 84 = -4*t. Let a = 30 + t. Ca